 of n and 1133?
103
Let p(l) = -188*l + 1711. Let j be p(8). Calculate the greatest common factor of j and 72.
9
Let q = -67 - -216. Suppose 4*y = -4*p, -p + 2*p - 2*y - 6 = 0. Suppose p*s - q + 9 = 0. Calculate the highest common factor of 28 and s.
14
Suppose -4*g - 3*b + 115 = -0*b, 0 = -b + 5. Suppose -6*f - 132*z + 129*z = -4629, -5*z = -5*f + 3910. What is the highest common divisor of f and g?
25
Let f be (-1 + 3 + 2)/2. Suppose -11739*w = -11729*w - 150. Suppose 0 = 3*p + w, -2*p = -2*t + f*p + 46. What is the greatest common divisor of 26 and t?
13
Suppose -6*c + 3*r + 1752 = -c, 4*c + r = 1388. Let w = c + -198. Calculate the highest common factor of w and 30.
30
Let h(z) = 2*z + 27. Suppose 0 = 2*u + 22 - 0. Let r be h(u). Suppose 155 + 75 = 3*f - 4*m, -4*f + r*m = -305. What is the greatest common factor of f and 14?
14
Let r be 825/12 - 1/(-4). Let o be ((-21)/(-105))/((-4)/(-3020)) - (-117)/(-9). What is the highest common divisor of r and o?
69
Let j be (0 + -3)/((54/(-42))/(-9)). Let r = j + 54. Let d = 87 - r. Calculate the highest common divisor of d and 18.
18
Let z(t) = -5*t**2 + 50*t + 202. Let v(c) = -2*c**2 + 24*c + 102. Let a(q) = 7*v(q) - 3*z(q). Let j be a(-17). What is the highest common factor of j and 13?
13
Let s = -216 + 296. Suppose 5*t - o = s, 14 = 3*t + 4*o - 11. Let f(y) = y**2 + 3. Let m be f(-3). Calculate the highest common factor of m and t.
3
Let c = -63 - -107. Let b(s) = 5*s - 4. Let d be b(-5). Let p = -25 - d. What is the highest common factor of c and p?
4
Suppose -m + 9 - 3 = 0. Let p = -250 - -253. Calculate the greatest common divisor of m and p.
3
Let s = 93 - 105. Let y be (-30)/(45/s + 3) - -3. Calculate the highest common divisor of y and 387.
43
Let v = 123 - 306. Let g = 196 + v. What is the highest common divisor of g and 39?
13
Suppose 10*i = i + 1071. Suppose 7*k - i = 77. Let j be 524/k + (69/21 - 3). What is the greatest common divisor of j and 133?
19
Let l(c) = 5643*c**2 + 42*c - 1. Let y be l(-1). Calculate the greatest common factor of 168 and y.
56
Let r be 7 - (-5 + (-98 - 1)). Suppose -3*d + r = -171. Calculate the highest common divisor of 141 and d.
47
Let d be (-2)/(-4) - (-455)/14. Let t = d - 31. Suppose 5*h = -y + t*h - 4, 5*h = 3*y - 44. Calculate the highest common divisor of y and 4.
4
Suppose -4*h + 606 = -570. Suppose 0 = 7*t - 525 - h. Suppose 3*k - 52 = -k. Calculate the highest common factor of k and t.
13
Suppose -n + 3*u + 22 = 0, 49 + 65 = 4*n + u. What is the highest common factor of 2996 and n?
28
Let a(b) = 7*b**2 + 77*b - 364. Let c be a(5). Calculate the greatest common factor of c and 126.
14
Suppose -59*a + 63*a = 264. Suppose a*y - 71*y + 180 = 0. Calculate the greatest common factor of 45 and y.
9
Suppose 0 = 2*u + 3*u - 15, 264 = 3*x - 5*u. Suppose 0 = -3*a + x - 27. What is the greatest common factor of a and 242?
22
Let l = -44 - -78. Suppose 0 = l*r - 33*r - 7. Suppose 0 = -r*k + 2*k + 245. What is the greatest common divisor of 14 and k?
7
Let b = 200 + -128. Suppose -13*d + 636 = -66. Calculate the highest common divisor of d and b.
18
Suppose 5*y - 92 = 88. Let k be y*-4*3/(-18). Calculate the highest common divisor of k and 3.
3
Suppose k = 25*k + 48. Let r be 3171/9 + k/6. Calculate the highest common factor of r and 64.
32
Suppose -945 = -247*n + 226*n. Calculate the highest common factor of 4500 and n.
45
Let i be 0 - 19 - (9 - 14). Let j be -12*(8/14 + 141/i). Calculate the highest common divisor of 38 and j.
38
Suppose 4*m - 161 = y + 2*y, y = -5*m + 206. Let g = m + -38. Suppose 4*n = -5*h + 32, 7*h - g*h + n = 19. Calculate the greatest common divisor of h and 4.
4
Let f(c) = 10*c - 53 + 17 - 44*c**3 + 17 - c**2 + 220*c**3 + 10. Let o be f(1). Calculate the greatest common divisor of 16 and o.
16
Let b be (-3)/(6 + -3) - 696. Let l = 829 + b. What is the highest common factor of 99 and l?
33
Let b(q) = -896*q + 4574. Let h be b(5). What is the greatest common factor of 78 and h?
2
Suppose 52500 - 13815 = 46*m - 55247. Calculate the greatest common factor of 4 and m.
2
Let h be 10 - 21/((-21)/(-3)). Suppose 0 = 3*t - 2*y - 26, 0 = 10*t - h*t + 4*y - 2. Let q = -25 + 35. Calculate the highest common factor of q and t.
2
Let u(r) = -84*r - 497. Let w be u(-6). Calculate the highest common divisor of 1477 and w.
7
Suppose 0 = -2*u - 4*x + 294, 3*u - u + 3*x - 287 = 0. Suppose -3*y + 5*q = -139, 0*y = 4*y + 2*q - 142. Calculate the highest common factor of u and y.
19
Let b be 360/5 - (-5 + 0). Suppose 2*h = 4*s + 3*h + 240, 4*s - h = -248. Let g = s + b. Calculate the highest common divisor of g and 48.
16
Let y(g) be the first derivative of 5*g + 5/2*g**2 - 7. Let d be y(5). What is the greatest common divisor of 6 and d?
6
Let d be 530 + 46 + -6 + 15. Calculate the highest common factor of 450 and d.
45
Let q be 24*(-40 + 55 + (2 - -1)). Calculate the highest common factor of 360 and q.
72
Let i be 274/3*(-17 + 140/10). Let f = 284 + i. Calculate the greatest common divisor of f and 155.
5
Let z = 793 + -660. Calculate the highest common divisor of 76 and z.
19
Let p(n) = 20*n**2 - 137*n + 1647. Let h be p(14). Calculate the greatest common divisor of h and 89.
89
Let f be 3/(-11) - (-12 - (-7 - (-92305)/55)). What is the highest common divisor of 1089 and f?
99
Let l(k) = 16*k**2 + 11*k + 13. Let y be -6 + (1/1)/(-1). Let o be l(y). Suppose -13*j = -j - o. What is the greatest common divisor of 24 and j?
12
Let s be (-2)/25 + 0 + (-73038)/(-2350). Suppose -167 = -w + 4*p, 4*w - 533 = -3*p + 78. Calculate the highest common factor of w and s.
31
Suppose -4*q + 560 = -496. Let k be (30 - (-1 + (-3 - -1)))/(213 - 212). What is the highest common divisor of q and k?
33
Suppose 22 = -3*d + 11*b - 6*b, 0 = 2*d + 2*b + 36. Let x be 11/1 + (-15 - d). Suppose 2*k - 6*k = -8. What is the greatest common factor of x and k?
2
Suppose 12*v = 17*v - 495. Suppose h = -2*w - 40 + 369, 499 = 3*w - 4*h. Calculate the greatest common divisor of w and v.
33
Suppose 126*h - 468468 = -147*h. Calculate the greatest common factor of 104 and h.
52
Let q be -96*1*6/(-8). Let r(b) = -42*b + q*b - 9 - 11*b. Let z be r(3). What is the greatest common factor of z and 36?
12
Let x(a) = -a**3 - a**2 - a + 159. Let g be x(0). Let l = 9747 - 9744. Suppose l*s = g + 21. What is the highest common factor of 40 and s?
20
Let s be 25/35*(15 + 55). Calculate the greatest common factor of s and 11450.
50
Let f = 13313 + -11927. What is the greatest common factor of f and 4312?
154
Let l be 18/12 + (-2)/(-4)*1. Let k(b) = b**2 + 36 - 21*b + 9*b - l*b**2 + 0. Let y be k(-14). Calculate the greatest common factor of 36 and y.
4
Let j be (-218)/327*(-3 - 19899). Calculate the highest common factor of j and 214.
214
Let v be (14/(-56) - (-1274)/40)/((-8)/(-40)). What is the highest common factor of 14378 and v?
158
Let h = -82 + 98. What is the highest common divisor of h and 1616?
16
Let g(a) = -728*a**3 - a**2 - 6*a + 7. Let u be g(1). Let q = u - -767. What is the highest common factor of q and 624?
39
Suppose -5*j = b - 49, 201*b = 197*b - 5*j + 196. Let z = 51 + -2. What is the greatest common factor of z and b?
49
Suppose 0 = -2*r, -34 - 10 = -2*a - 4*r. Let c = -223 - -230. Suppose -c*u - 924 = -21*u. What is the greatest common factor of u and a?
22
Suppose 13 = -v - 4. Let w = v - -44. Let o = -1039 + 1228. What is the highest common factor of o and w?
27
Suppose -36 = -15*n + 2139. Let k = n - 103. What is the highest common factor of 14 and k?
14
Suppose -1436*f = -1439*f + 6981. What is the greatest common divisor of 117 and f?
13
Let b(g) = -g**3 - 8*g**2 + 21*g + 14. Let k be b(-10). Let u = 3 - k. Let i be ((-33)/1)/1*u. What is the highest common divisor of 3 and i?
3
Let h = -507 - -642. Calculate the greatest common factor of 459 and h.
27
Suppose 3*s + 379 = 5*a + 111, -3*a = -4*s - 152. Suppose 11*l - 49 = -5. Suppose -20*f + l*f = -112. Calculate the greatest common factor of a and f.
7
Suppose 8*x = 5*r + 3*x - 175, -x + 120 = 4*r. Suppose 3*m = 4*z - r, -4*z - m + 46 - 3 = 0. Calculate the greatest common divisor of z and 5.
5
Let v = 1000 + -792. Calculate the highest common divisor of v and 4888.
104
Suppose -2*y + 116 = -5*w, -2*w - 20 = 3*w. Suppose -